Suppose -2*x - 4 = -u*x. Let i(r) = -r + 2. Determine i(x).
4
Let l(g) be the third derivative of g**7/2520 - g**6/360 - g**5/30 + g**2. Let t(r) be the third derivative of l(r). Suppose 0*y = -2*y + 6. What is t(y)?
4
Let o(a) be the first derivative of -a**5/60 + a**4/12 - 7*a**2/2 + 6. Let r(m) be the second derivative of o(m). Give r(-2).
-8
Suppose -12 = -6*b + 10*b. Let p(w) = w**3 + 4*w**2 + 3*w - 3. Let a be p(b). Let f(d) = 3*d + 4. Calculate f(a).
-5
Let y(c) = -c**2 - 8*c - 9. Let d(b) = -b**2 + 3*b - 2. Let s be d(4). Determine y(s).
3
Let b(w) = -w**3 - 2*w**2 - w + 2. Let p = 47 - 49. Determine b(p).
4
Let f(n) = -n**2 + 3 - 4 - 2 - 3*n. Let s = -20 - -15. Let k(h) = 3*h + 11. Let z be k(s). Calculate f(z).
-7
Let b(z) be the second derivative of -z**5/10 - z**4/12 - 28*z. Calculate b(-2).
12
Let k(i) = i**3 - 2 + 6*i**2 - 4*i - 18*i**2 + 8*i**2. What is k(-2)?
-18
Let b(a) = -4*a**2 + 8 - 7*a + 5*a**2 + 2 - 9. Calculate b(6).
-5
Let o(g) be the third derivative of g**5/60 - 5*g**4/24 - 2*g**3/3 + 6*g**2. Give o(6).
2
Let f be -2*(3 + (-2 - -1)). Let g(d) be the second derivative of -3*d + 1/3*d**3 + 0 + 1/12*d**4 - 2*d**2. Calculate g(f).
4
Let o = 1 - 3. Let t be (1/o)/((-1)/2). Let n(b) = b + t - 4 + 7. Give n(-4).
0
Let u(c) be the second derivative of -3/2*c**2 + 0*c**3 + 1/20*c**5 + 1/24*c**4 + c + 0. Let m(k) be the first derivative of u(k). Determine m(-1).
2
Let x(c) be the first derivative of -c**4/2 + c**3 - c**2/2 - c - 1. Let y(z) = -z**2 - 11*z + 12. Let s be y(-12). Suppose 3*j + s - 6 = 0. Determine x(j).
-7
Let m(j) = j**2 + 5*j + 5. Let a = 1 + -5. Let t be m(a). Let q(s) be the first derivative of -2*s**2 + s - 1. Determine q(t).
-3
Let q(n) = -n**2 + 6*n - 3. Suppose -6*h + 9*h + 19 = b, -5*h = 2*b + 39. Let s(v) = -v**2 - 4*v - 1. Let l be s(-4). Let y = l - h. Calculate q(y).
-3
Suppose 4*f + 4*u - 48 = 0, -5*f - u + 55 = 3*u. Let z = 3 - f. Let o(x) = 4*x + 6. Calculate o(z).
-10
Let t = 5 + 1. Let q(w) = w**3 - 5*w**2 - 6*w + 3. Determine q(t).
3
Let t(y) = 2*y + 24. Let l be t(-14). Let r(d) = d**3 + 4*d**2 - 2*d - 2. Give r(l).
6
Let d(l) be the third derivative of l**7/5040 - l**6/240 - l**5/20 - l**2. Let t(y) be the third derivative of d(y). What is t(4)?
1
Let d(k) = -k + 8. Let i be (-1)/(153/75 - 2). Let t be (-380)/i + 2/(-10). Let o be t/2*12/18. Calculate d(o).
3
Let n(c) = c + 16 - c**3 + 3*c**2 + 2*c - 14. Let w be 5/(-10) + (-30)/4. Let l = -4 - w. What is n(l)?
-2
Let g be 0/1*(5 - 4). Let w(s) = -s**3 - s**2 - s - 5. Give w(g).
-5
Let k(f) = f**2 + 5*f - 1. Let h be k(-6). Let r(m) = m**2 - 6*m + 1. Determine r(h).
-4
Let f(d) be the third derivative of -3*d**6/40 - d**5/60 - 22*d**2 - d. What is f(-1)?
8
Let b be (-51)/(-12) + (-1)/4. Let s(z) = -z**2 - 9*z + 13. Let a be s(-10). Let d(w) = 2*w - 3*w + 0*w**3 - 2 + 5*w**3 - 4*w**a - 4*w**2. What is d(b)?
-6
Let g(p) = p**2 + 6*p + 2. Let o(q) = q**2 - 9*q + 12. Let w be o(6). Calculate g(w).
2
Let x be 4*((-10)/4 + 2). Let y = x - -4. Let s(o) = -4*o + o + y*o + 2 + 2*o. Give s(0).
2
Let f be (-1)/(-2) - (-9)/(-18). Let t(j) = -j**3 + j**2. What is t(f)?
0
Let p(s) = s**2 + 6*s + 4. Let a be p(-4). Let d(g) = 2*g**2 + 2 - g**2 - 6*g - 2*g**2. What is d(a)?
10
Let d be (-32)/(-5) + (-2)/5. Let i(y) = -6 + d - y - 2. What is i(6)?
-8
Let v(t) = -t**3 + 7*t**2 - 7*t - 10. Let o be v(5). Let c(u) = u**2 - 6*u - 3. Calculate c(o).
-8
Suppose -4*b - 34 = -14. Let j(t) = 3*t + 2. Let n(q) = 4*q + 2. Let y(c) = -5*j(c) + 4*n(c). Give y(b).
-7
Let t(v) be the second derivative of v**3/6 + 7*v**2/2 + 4*v. Calculate t(-8).
-1
Let y(m) = m**3 + m**2 + m + 4. Suppose -4 = -2*z - 2*z. Let g be 2*-6*3/(-6). Let o be ((-2)/g*0)/z. What is y(o)?
4
Let f(o) = -o + 1. Let g(w) = 24*w - 6. Let r(d) = 6*f(d) + g(d). Determine r(1).
18
Let h(c) = -2 + 3*c - c - 3. Let g = -7 - -10. Suppose -g*v = 7 - 19. Determine h(v).
3
Let c be (2 - -1)/(2/(-4)). Let h(g) = g - 23. Let k be h(10). Let z(q) = 15*q + 16. Let x(t) = -7*t - 8. Let v(m) = c*z(m) + k*x(m). Calculate v(-4).
4
Let d(x) = -6*x**2 + 32*x**2 + 3*x**3 + 5*x - 18*x**2 - 2*x**3 + 8. Calculate d(-7).
22
Let k(p) = 2*p**3 + 4*p**2 + 3*p + 2. Let f be ((-24)/(-30))/(1/(-10)). Let s = -6 - f. Suppose -2*q - 12 = -2*o, 3*o = s*q + 4*o. Give k(q).
-4
Let k = 9 + -1. Let x(l) = l**3 - l + k - 3*l**3 + l**3. Calculate x(0).
8
Let f(u) = u - 6. Suppose 0 = -2*z + 10, 0 = -m + 4*z - 3*z - 10. Let g be -3*(-3)/9 - m. Determine f(g).
0
Let c be (-2)/(-4)*(4 - 4). Suppose 0 = -c*j - j. Let w = j + 0. Let d(i) = -i**3 - i**2 + i - 1. Calculate d(w).
-1
Suppose 4*z = -y - 9, -2*y + z + 9 = -0*z. Let q(a) = -5*a + 3*a - 3 + y*a. Calculate q(4).
1
Let c(x) = -x + 10. Let z be c(5). Suppose -z*v + 37 = 7. Let m(j) = j**2 - 6*j + 1. Give m(v).
1
Let b(f) = f - 18. Let c(j) = j**3 + 18*j**2 + 16*j - 17. Let t be c(-17). What is b(t)?
-18
Let t(g) = 3*g - 3. Let k(w) = 9*w - 10. Let b(j) = 2*k(j) - 7*t(j). Let q = -1 + 2. Calculate b(q).
-2
Let h(t) = 3 - 6*t**2 + 7*t**2 + 0*t - 3*t - t. Determine h(3).
0
Let c(v) be the third derivative of -v**6/120 - 2*v**5/15 + v**3/6 + 4*v**2. What is c(-8)?
1
Let s(r) be the second derivative of r**4/12 + 7*r**3/6 + 3*r**2 - 3*r. Let m = -1 + 0. Let q = -6 - m. What is s(q)?
-4
Let o(b) = b + 1. Let h(g) = g**2 + 4*g + 2. Let c(s) = h(s) - 4*o(s). Determine c(2).
2
Suppose 4*r + 4 = 2*r. Let a be 10/15 - r/(-3). Let j be 3 + (a - (2 - 4)). Let s(w) = 3*w - 7. What is s(j)?
8
Let n(k) = k**3 - 5*k**2 - 3*k - 3. Let d(t) = 4*t**3 - 21*t**2 - 11*t - 12. Let h(z) = 2*d(z) - 9*n(z). Suppose -v + 4*v = 12. Give h(v).
7
Let h(q) = q. Let i(r) = 3*r + 7. Let t(m) = -2*h(m) + i(m). What is t(-5)?
2
Let v(k) = k**3 - 12*k**2 + 9*k + 19. Let a be v(11). Let t(c) = -3*c - 4. Give t(a).
5
Suppose 2*w + 3*w - 100 = 0. Suppose -20 = 4*y - 2*i - 0*i, -i = 3*y + w. Let v(o) = o**2 + 5*o - 6. Determine v(y).
0
Let b = 15 - 8. Suppose -c + b = 3*n - 0, -5 = n + 4*c. Suppose -n*a = -0*a - 6. Let l(r) = -2*r - 1. What is l(a)?
-5
Let o(s) = s**2 + 4*s - 3. Let k = -12 + 8. What is o(k)?
-3
Let d be 25/(-3) + 4/3. Let k = d - -5. Let b(v) = -2*v**2 - v + 1. Calculate b(k).
-5
Let a(z) = -z**2 + z. Let s(k) = 2*k**2 + 4*k - 3. Let r(w) = -3*a(w) - s(w). Determine r(7).
3
Let l(g) = -g**3 + 3*g**2 + 3*g - 2. Let m = 0 + 0. Suppose 3*h - 13 + 1 = m. Suppose -3*x - 29 = -h*x + 5*j, x = -5*j - 21. Determine l(x).
-6
Suppose -20 + 8 = -4*a. Let f(m) be the second derivative of 1/3*m**a - 2*m + 0 - 1/2*m**2. What is f(-1)?
-3
Let p(q) = -q**3 - 9 + 7 + 9 + 8*q - 5*q**2. Give p(-6).
-5
Let v(z) = -z**2 - z + 7. Let g(q) = -q**2 + 7. Let b(d) = 5*g(d) - 4*v(d). What is b(6)?
-5
Let z(i) = 2*i**2 + 2*i + 2. Suppose -4*g - g = -160. Suppose -7 = 5*w + 2*k, g = -5*w + w + 5*k. Let c be w/2 - 3/6. Determine z(c).
6
Suppose -3*d + 5 = -7. Let z(p) = -p**3 + d*p**2 + 1 - p + 3 - 2 + 2. Calculate z(4).
0
Suppose 5*b = 2*b - 4*t - 3, 2*b + 2 = 3*t. Let c(v) = -2*v**3 + v**2 + v. Give c(b).
2
Let n(w) = w**3 - w**2 - 2*w - 4. Suppose -6 - 6 = -4*m. Determine n(m).
8
Let q be ((-1)/6 - (-42)/36) + 2. Let z(f) be the first derivative of 5/2*f**2 - 3*f - 1/3*f**q + 3. Determine z(3).
3
Let v(i) = -2*i - 2. Let z = 2 + 4. Give v(z).
-14
Let s(m) be the first derivative of -6*m - 1/3*m**3 + 7/2*m**2 + 3. Suppose 0 = -c + 7 - 2. What is s(c)?
4
Let c(z) = 7*z - 5 + 0*z**2 + z**2 + 0*z**2. Give c(-8).
3
Let c(h) = h**3 + h**2 + h - 2. Let d = -20 - -20. Determine c(d).
-2
Let c(y) be the third derivative of y**5/30 - y**4/12 - y**3/6 - y**2. Suppose -81*p + 73*p = 8. Determine c(p).
3
Suppose a = -0*a + 3. Let k(j) = -2*j - 4 + 10 + j. Determine k(a).
3
Let h(z) = -2*z**2 - 4*z + 1. Let k(o) = 3*o**2 + 4*o - 1. Let d be (-3)/(-2)*(-8)/(-3). Let b(q) = d*h(q) + 3*k(q). What is b(3)?
-2
Let f(w) = 1 + 0 + 3*w - w. Let k(y) = -1 + 0*y - 5*y + 4*y. Let c(l) = 2*f(l) + 3*k(l). Give c(3).
2
Let i = -24 - -39. Suppose 3*z = 3*m - i, -3*m = -4*z + 2*m - 25. Let n be 1 + -6 + 1 + z. Let w(h) = 2*h**2 + 5*h. Determine w(n).
12
Let d(u) = -u**3 + u**2 + 1. Let p be -1 + (-3 - -2) - -2. Suppose p*v + v = 25. Suppose 0 = z + 5*y - v, 6*z - z = 4*y - 20. What is d(z)?
1
Suppose -6 = -3*q, 0 = 3*z + 3*q - 3 - 0. Let p(i) = 3*i - 1. Give p(z).
